visor of 41 and 2624?
41
What is the highest common divisor of 6648 and 32?
8
Calculate the greatest common factor of 3 and 9.
3
Calculate the highest common divisor of 6583 and 58.
29
What is the highest common divisor of 231 and 1045?
11
Calculate the highest common divisor of 8 and 4.
4
What is the greatest common divisor of 1308 and 312?
12
What is the greatest common divisor of 1216 and 76?
76
Calculate the greatest common factor of 7141 and 37.
37
Calculate the highest common divisor of 416 and 32.
32
Calculate the highest common factor of 116 and 2.
2
Calculate the greatest common factor of 3 and 7899.
3
Calculate the highest common factor of 9 and 36.
9
Calculate the greatest common divisor of 10507 and 266.
133
What is the highest common divisor of 24 and 120?
24
What is the greatest common factor of 60 and 996?
12
What is the greatest common factor of 5 and 160?
5
Calculate the greatest common factor of 357 and 340.
17
Calculate the highest common divisor of 22 and 253.
11
What is the highest common factor of 34 and 153?
17
Calculate the highest common divisor of 1300 and 1500.
100
Calculate the greatest common factor of 20 and 770.
10
Calculate the greatest common factor of 24 and 20.
4
Calculate the highest common factor of 54 and 34.
2
What is the greatest common divisor of 20 and 510?
10
What is the highest common divisor of 151 and 7399?
151
What is the greatest common factor of 24 and 4856?
8
Calculate the highest common factor of 66 and 110.
22
Calculate the highest common factor of 688 and 1161.
43
Calculate the highest common divisor of 384 and 12.
12
What is the highest common divisor of 53021 and 37?
37
Calculate the greatest common factor of 285 and 627.
57
What is the greatest common divisor of 1408 and 64?
64
Calculate the highest common divisor of 820 and 100.
20
Calculate the highest common divisor of 1122 and 110.
22
What is the highest common divisor of 10731 and 1176?
147
Calculate the greatest common factor of 16 and 172.
4
Calculate the greatest common divisor of 666 and 148.
74
What is the highest common divisor of 1111 and 22?
11
What is the greatest common divisor of 48 and 1776?
48
What is the greatest common divisor of 63 and 9?
9
What is the greatest common factor of 71 and 1?
1
What is the highest common divisor of 74 and 962?
74
What is the highest common factor of 5 and 3095?
5
Calculate the greatest common factor of 54 and 114.
6
What is the greatest common factor of 21386 and 289?
289
What is the highest common divisor of 192 and 60?
12
What is the greatest common factor of 1660 and 20?
20
Calculate the greatest common factor of 73 and 1679.
73
Calculate the greatest common factor of 5726 and 14.
14
What is the greatest common divisor of 14342 and 284?
142
What is the highest common factor of 40 and 7670?
10
What is the greatest common factor of 161 and 28?
7
Calculate the highest common factor of 4 and 164.
4
Calculate the highest common factor of 129 and 301.
43
What is the highest common divisor of 336 and 210?
42
Calculate the highest common factor of 1577 and 893.
19
What is the greatest common factor of 381 and 1016?
127
What is the highest common factor of 10062 and 52?
26
Calculate the highest common factor of 2432 and 1007.
19
What is the greatest common factor of 20 and 3550?
10
What is the highest common factor of 520 and 845?
65
Calculate the highest common factor of 15496 and 447.
149
What is the greatest common factor of 152 and 399?
19
Calculate the highest common divisor of 64 and 200.
8
What is the greatest common divisor of 187 and 2363?
17
What is the greatest common factor of 6 and 48?
6
Calculate the highest common factor of 488 and 1159.
61
What is the highest common factor of 120 and 228?
12
What is the greatest common factor of 12 and 48?
12
What is the highest common divisor of 75 and 51?
3
What is the greatest common factor of 6 and 12147?
3
What is the highest common factor of 285 and 45?
15
What is the highest common factor of 1980 and 40?
20
Calculate the highest common divisor of 174 and 290.
58
Calculate the greatest common factor of 14 and 152.
2
Calculate the greatest common divisor of 1680 and 192.
48
What is the highest common divisor of 931 and 665?
133
Calculate the greatest common divisor of 550 and 6400.
50
Calculate the highest common factor of 75 and 285.
15
What is the greatest common factor of 165 and 30?
15
What is the greatest common divisor of 150 and 90?
30
Calculate the greatest common divisor of 4116 and 60.
12
Calculate the highest common divisor of 3660 and 60.
60
What is the highest common divisor of 32 and 120?
8
Calculate the greatest common divisor of 14 and 35.
7
Calculate the highest common factor of 108 and 24.
12
Calculate the highest common divisor of 864 and 48.
48
What is the highest common factor of 31250 and 100?
50
Calculate the greatest common divisor of 1107 and 205.
41
Calculate the greatest common factor of 251 and 7.
1
What is the highest common divisor of 30 and 2560?
10
What is the highest common divisor of 62 and 2?
2
What is the greatest common divisor of 84 and 70?
14
Calculate the highest common factor of 1750 and 140.
70
Calculate the greatest common divisor of 106456 and 56.
56
Calculate the greatest common factor of 855 and 885.
15
What is the highest common divisor of 1625 and 25?
25
Calculate the greatest common divisor of 52 and 8.
4
What is the greatest common divisor of 32 and 608?
32
Calculate the highest common factor of 36 and 1872.
36
What is the greatest common factor of 24 and 776?
8
Calculate the greatest common factor of 48 and 31368.
24
What is the highest common divisor of 377 and 26?
13
What is the highest common factor of 68 and 4?
4
Calculate the highest common factor of 14 and 138.
2
Calculate the highest common divisor of 3838 and 808.
202
Calculate the greatest common divisor of 40 and 28.
4
Calculate the highest common factor of 1105 and 34.
17
What is the greatest common divisor of 18 and 15?
3
Calculate the highest common divisor of 28 and 2492.
28
Calculate the highest common divisor of 945 and 665.
35
Calculate the highest common factor of 192 and 24.
24
What is the greatest common divisor of 160 and 40?
40
What is the highest common factor of 36 and 80?
4
Calculate the highest common factor of 9996 and 147.
147
What is the greatest common divisor of 33652 and 188?
188
Calculate the highest common factor of 144 and 64.
16
Calculate the highest common divisor of 6 and 87.
3
Calculate the highest common factor of 351 and 13.
13
Calculate the greatest common divisor of 130 and 4615.
65
Calculate the highest common factor of 452 and 339.
113
What is the highest common divisor of 58 and 19169?
29
What is the highest common factor of 15 and 51?
3
What is the greatest common factor of 91 and 63?
7
What is the greatest common factor of 72 and 10116?
36
What is the greatest common divisor of 27 and 315?
9
Calculate the highest common factor of 55 and 35585.
55
What is the greatest common divisor of 210 and 140?
70
What is the greatest common divisor of 10 and 3830?
10
What is the greatest common factor of 37801 and 734?
367
Calculate the greatest common factor of 520 and 13.
13
Calculate the highest common factor of 15 and 44310.
15
What is the highest common factor of 348 and 2175?
87
What is the greatest common divisor of 108 and 132?
12
What is the greatest common factor of 14 and 1442?
14
What is the greatest common factor of 90 and 160?
10
What is the greatest common divisor of 30 and 470?
10
Calculate the highest common divisor of 2546 and 402.
134
What is the highest common divisor of 46 and 368?
46
What is the highest common factor of 30 and 4155?
15
Calculate the greatest common factor of 8 and 4548.
4
What is the greatest common divisor of 49 and 441?
49
Calculate the highest common divisor of 234 and 624.
78
What is the highest common divisor of 17738 and 56?
14
What is the highest common factor of 66 and 10714?
22
What is the highest common divisor of 1355 and 25?
5
Calculate the greatest common factor of 1 and 5.
1
Calculate the greatest common divisor of 711 and 79.
79
Calculate the highest common divisor of 1119 and 24.
3
Calculate the greatest common factor of 4374 and 108.
54
What is th